alculate the greatest common divisor of 2831631 and 4389.
33
What is the greatest common factor of 35 and 584259305?
35
Calculate the highest common divisor of 6666726 and 34611.
249
What is the greatest common divisor of 56181296 and 52?
4
Calculate the highest common factor of 135330 and 371595.
15
Calculate the greatest common divisor of 19527 and 517041.
849
Calculate the highest common factor of 3948153 and 2211.
33
What is the highest common factor of 16532424 and 36?
36
What is the highest common divisor of 59493577 and 1859?
1859
Calculate the highest common factor of 27126625 and 335.
335
What is the highest common factor of 322 and 84551243?
161
What is the greatest common factor of 27826176 and 8232?
168
What is the highest common divisor of 30652985 and 22?
11
What is the highest common factor of 20 and 149156960?
20
Calculate the highest common divisor of 19 and 105755539.
19
What is the highest common factor of 1139166 and 1008?
126
Calculate the highest common factor of 7678722 and 42.
6
Calculate the greatest common divisor of 186 and 15299523.
93
What is the highest common factor of 4247977824 and 92?
92
Calculate the highest common factor of 1392 and 131394.
6
What is the greatest common factor of 10874 and 96055479?
5437
Calculate the highest common divisor of 4140579 and 1605.
321
What is the greatest common divisor of 266 and 2253286?
266
Calculate the greatest common factor of 3950 and 12580355.
395
Calculate the highest common divisor of 56 and 5024368.
8
Calculate the greatest common divisor of 685 and 5064205.
685
Calculate the greatest common divisor of 2738737 and 47.
47
What is the greatest common divisor of 34 and 12368656?
34
Calculate the highest common divisor of 3682 and 11625126.
526
Calculate the highest common divisor of 8931 and 177475.
229
What is the highest common factor of 161367 and 133653?
447
Calculate the highest common divisor of 96 and 2089884.
12
What is the greatest common divisor of 15276 and 11780532?
228
What is the highest common divisor of 223208430 and 144170?
11090
Calculate the highest common factor of 214 and 5291364.
214
What is the greatest common divisor of 18234720 and 117720?
1080
Calculate the greatest common factor of 1124466 and 84378.
1722
What is the highest common divisor of 152034061 and 907?
907
What is the greatest common divisor of 1266624 and 3024?
432
What is the greatest common factor of 1426 and 11071061?
31
Calculate the highest common factor of 409514 and 2142.
14
What is the greatest common factor of 167922575 and 75?
25
What is the greatest common divisor of 2664 and 851346?
18
Calculate the highest common divisor of 1298702102 and 1202.
1202
What is the highest common factor of 74 and 38863431?
37
Calculate the greatest common divisor of 45751511 and 169.
169
Calculate the greatest common factor of 714 and 8329643.
119
What is the greatest common factor of 18 and 277814214?
18
Calculate the greatest common divisor of 59706 and 411522.
642
What is the greatest common divisor of 609938 and 2198?
14
What is the greatest common divisor of 6 and 21653862?
6
What is the greatest common factor of 4910 and 256793?
491
What is the greatest common factor of 2400 and 784390?
10
What is the highest common divisor of 141328 and 18499514?
1606
What is the greatest common factor of 2145879 and 61617?
2679
What is the greatest common factor of 20205 and 42151671?
4041
What is the greatest common divisor of 21230001 and 26?
13
Calculate the highest common divisor of 1425 and 220575.
75
What is the greatest common factor of 158301 and 23401521?
3861
What is the greatest common factor of 2304747 and 27?
27
Calculate the greatest common factor of 11500 and 1996500.
500
What is the highest common divisor of 162 and 10578357?
81
What is the highest common divisor of 9757734 and 36384?
2274
Calculate the greatest common divisor of 689 and 403754.
689
Calculate the highest common factor of 16704 and 6758856.
2088
What is the highest common divisor of 26936298 and 90?
18
What is the highest common factor of 5666 and 46401707?
2833
What is the highest common divisor of 13393 and 7077860?
227
Calculate the highest common factor of 829116 and 65610.
486
Calculate the highest common factor of 11299617 and 7035.
1407
Calculate the greatest common factor of 1284 and 27408.
12
What is the highest common divisor of 81898356 and 61?
61
What is the greatest common divisor of 23620108 and 36?
4
What is the highest common divisor of 21568 and 908552?
2696
Calculate the greatest common factor of 256 and 2242888.
8
What is the highest common factor of 10340398 and 16?
2
What is the greatest common divisor of 90506 and 667290?
1534
What is the greatest common divisor of 7315669 and 61?
61
What is the highest common factor of 1818995 and 1?
1
What is the greatest common divisor of 1650744 and 119786?
202
Calculate the greatest common factor of 393 and 15118972.
131
What is the greatest common factor of 18769239 and 891?
81
What is the highest common divisor of 155111 and 8951745?
2629
What is the greatest common factor of 13124 and 41684?
68
What is the highest common factor of 8697013 and 782?
391
Calculate the greatest common factor of 334 and 457412.
2
What is the highest common factor of 8 and 2921972?
4
What is the greatest common factor of 19240 and 1448180?
740
Calculate the greatest common factor of 413961228 and 18290.
3658
What is the highest common divisor of 1594 and 34524446?
1594
Calculate the greatest common factor of 1037594 and 55522.
142
What is the greatest common factor of 15 and 775343865?
15
Calculate the greatest common divisor of 4745013 and 30303.
273
What is the highest common divisor of 314663746 and 58?
58
What is the highest common divisor of 27178 and 455713?
107
What is the highest common factor of 588 and 585660?
12
What is the greatest common divisor of 42097590 and 9039?
69
Calculate the highest common factor of 36973664 and 2912.
2912
What is the highest common factor of 7263 and 9634773?
807
What is the highest common divisor of 86076 and 48492?
108
Calculate the highest common divisor of 40 and 14075590.
10
What is the highest common factor of 12503861 and 12?
1
What is the highest common divisor of 18143785 and 22?
11
Calculate the greatest common factor of 24940850 and 1375.
275
Calculate the highest common factor of 406633800 and 96.
24
What is the highest common divisor of 13061802 and 21593?
1963
What is the greatest common factor of 7 and 4879777?
7
Calculate the greatest common divisor of 365760 and 85713570.
11430
What is the greatest common factor of 11547 and 39?
3
What is the greatest common factor of 54825 and 19281200?
1075
What is the greatest common factor of 19113 and 32982?
69
What is the highest common factor of 59291912 and 16360?
3272
Calculate the greatest common divisor of 1106570 and 32026.
478
Calculate the greatest common divisor of 67604 and 48.
4
What is the highest common factor of 8723 and 38566?
11
Calculate the highest common divisor of 39 and 224354.
13
Calculate the highest common factor of 521147 and 1573.
121
Calculate the highest common factor of 268 and 161134196.
268
Calculate the highest common divisor of 17694055 and 5.
5
Calculate the greatest common factor of 53694589 and 988.
247
What is the highest common divisor of 2936521576 and 37?
37
What is the highest common factor of 52583505 and 75?
15
Calculate the highest common divisor of 9383268 and 7860.
1572
Calculate the highest common factor of 10280736 and 152424.
5256
Calculate the greatest common factor of 5017 and 103627.
173
What is the highest common divisor of 6084 and 1937052?
468
Calculate the highest common divisor of 377622 and 5376.
42
Calculate the greatest common divisor of 828018 and 150.
6
What is the highest common divisor of 145 and 3922540?
145
What is the highest common factor of 657191 and 836?
19
What is the greatest common factor of 1636 and 35636?
4
Calculate the greatest common factor of 182828752 and 9289.
1327
What is the greatest common factor of 405 and 27135675?
135
What is the greatest common divisor of 97966 and 35808586?
1342
What is the highest common divisor of 345662 and 670636?
862
Calculate the highest common factor of 181 and 24670